n divisor of o and 168.
21
Suppose 2*d + 25 = 3*d - f, 2*d + 5*f = 22. Calculate the highest common divisor of d and 7.
7
Suppose -5*d - 3*v + 34 = 0, 2*v - 4*v = -3*d + 9. Calculate the highest common divisor of d and 5.
5
Suppose -41 = -4*o + 5*h, 2*o + 5 = -3*h - 2. Suppose -5*v = x - 30, -o*v + x = 2*x - 25. Let n be 2*2/(4/v). Calculate the greatest common divisor of n and 5.
5
Let c be 1*(15/5 + 2). Calculate the greatest common divisor of c and 5.
5
Let p be ((-34)/(-3))/((-18)/(-27)). What is the highest common factor of 272 and p?
17
Let w(s) = 8*s. Let d be w(2). Calculate the greatest common factor of d and 112.
16
Let j be 8/2 - 16*-8. Let r(w) = -1 - 5*w + 4 - 1. Let d be r(-2). Calculate the greatest common divisor of j and d.
12
Let d = 243 + -124. What is the greatest common factor of d and 17?
17
Let d(m) = -20*m**3 - m**2 + m + 2. Let o = -16 - -15. Let x be d(o). Calculate the greatest common divisor of 4 and x.
4
Suppose -3 = -x - 0*x + 2*a, 42 = 4*x + 2*a. What is the highest common factor of 9 and x?
9
Let v(n) = -n**2 - 4*n. Let c be v(-3). Let t be (-440)/c*(-72)/15. Suppose -6*i = -2*i - t. Calculate the highest common factor of i and 16.
16
Let a = 1 - 0. Let h = a - -15. Let v(l) = -l**3 - 2*l**2 - 3*l + 4. Let y be v(-4). Calculate the greatest common factor of h and y.
16
Let s be -5*((-49)/(-21))/((-5)/24). What is the highest common divisor of s and 32?
8
Suppose 84 = -0*g + 2*g. Let u = 0 + g. Calculate the greatest common divisor of 6 and u.
6
Let l(q) = -4*q**2 + 0*q**2 + 4 + 3*q**2 - 5*q. Let p be l(-6). Let u be p/4 - (-10)/4. What is the highest common divisor of u and 4?
2
Let o(s) = 2*s + 16. Let h be o(-7). What is the highest common factor of 6 and h?
2
Let p(g) = -8*g**3 - 3*g**2 - 2*g. Let j = 9 + -11. Let u be p(j). Calculate the greatest common factor of 8 and u.
8
Let j = 8 + 35. Let t(u) = -u**3 - 3*u**2 - 4*u - 2. Let q be t(-2). Suppose 0 = q*w - j - 41. Calculate the highest common factor of 14 and w.
14
Let c(o) = o**2 + 2*o + 15. Let q be c(0). Calculate the greatest common factor of 30 and q.
15
Suppose x = -4*x + 90. Let h = -38 + 40. Calculate the highest common factor of h and x.
2
Suppose 75 + 25 = 5*r. Suppose -40 = -3*c + r. What is the highest common factor of c and 50?
10
Suppose -k = 4*k. Suppose 20 = u - k*u. What is the greatest common divisor of 10 and u?
10
Let c be 3/(-6) + (-66)/4. Let k = 29 + c. Suppose 212 = 2*d - 52. What is the greatest common divisor of d and k?
12
Suppose 2*y + 2*g = -0*g + 4, 0 = -4*y - 5*g + 5. Suppose -4*q + 7 + y = 0, 23 = n + 4*q. What is the greatest common factor of 22 and n?
11
Suppose 0 = -2*b + n - 4, -2 = -n + 2. Suppose b*y + 4*y = 112. What is the greatest common factor of 42 and y?
14
Suppose -5*l + 207 = -73. Let j be 1/(-4*3/(-96)). Let t = l - j. What is the greatest common divisor of t and 12?
12
Let w(m) = m**3 + 8*m**2 + 3*m - 10. Let o be w(-7). Let j = o + 3. Calculate the greatest common factor of j and 21.
21
Suppose 0 = -c - 0*c + 4. Suppose 5*q - 11 - c = 0. Calculate the greatest common divisor of q and 21.
3
Let f(x) = 3*x - 5. Let k be f(4). Calculate the greatest common factor of k and 14.
7
Let m(t) = t**2 - t - 5. Let i be m(5). Suppose -4*k = -4*u - 28, -5*k = -2*u + 7*u - i. Let w = k - 3. Calculate the highest common factor of 4 and w.
2
Suppose 3 = -4*t + 3*g, -g - 1 = -6*t + 4*t. Suppose 0 = n - 9 - 6. What is the highest common factor of n and t?
3
Let l = -127 - -182. Let z(w) = 3*w + 7. Let m be z(6). Suppose -2*u + m = 3*u. What is the highest common divisor of u and l?
5
Let v(o) = -o**2 + 4*o - 1. Let c be v(5). Let u(d) = d**3 + 8*d**2 + 4*d - 4. Let h be u(c). What is the highest common divisor of 4 and h?
4
Let p be 10 + -8 - (1 - 2). Suppose 0 = p*o + 4*a - 404, 3*o = -3*a - 0*a + 402. What is the highest common divisor of 12 and o?
12
Let h be ((-24)/9)/((-2)/3). Suppose 3*z = 3*y - y + 315, 5*z = 25. Let b be ((-8)/(-10))/((-6)/y). What is the highest common divisor of b and h?
4
Suppose 4*q - 5*f = -4, 4*f + 1 = -q - f. Let y be -2 - (-1)/(q/(-15)). What is the highest common divisor of 13 and y?
13
Let s be ((-532)/57)/((-2)/6). Calculate the highest common divisor of 70 and s.
14
Let q be 16/4*(-1 + 19). Let u be 366/21 + 20/35. What is the highest common divisor of u and q?
18
Suppose -z - 10 = -3*z + 2*k, -2*z - 3*k = -15. Calculate the greatest common factor of 30 and z.
6
Let d = 15 + -9. Let x be (-3)/d + (-63)/(-6). Let m(h) = -h - 1. Let s be m(-6). Calculate the highest common factor of s and x.
5
Suppose 5*s - 39 = d + 2, s = -5*d + 3. Calculate the greatest common divisor of 1 and s.
1
Let n(r) = 5*r - 3 - 4*r - 5*r. Let b be n(-5). Let u = b - -7. Calculate the greatest common divisor of 3 and u.
3
Suppose -39 = -7*j + 59. What is the highest common divisor of j and 98?
14
Suppose -4*q - 5*k + 97 = -2*q, -q + 2*k = -44. What is the greatest common divisor of 69 and q?
23
Suppose 10 = -14*b + 15*b. Calculate the highest common divisor of b and 2.
2
Let y(j) = -62*j + 1. Let b be y(-1). Suppose 3*v - 33 = -5*t, 57 = 5*t - 0*v - 3*v. Calculate the greatest common factor of b and t.
9
Suppose -5*r - 2*h = 8, r - 10 = 3*h + 2. Let m be 1*(32/(-2))/(-2). Let v = m + r. Calculate the highest common factor of 64 and v.
8
Let x be (-5)/20 - 21/(-4). Suppose -3*i = 2*c - 52, -43 - 10 = -2*i - x*c. Let v be (21/(-6))/(2/(-8)). Calculate the highest common factor of v and i.
14
Suppose -5*f + 4*f + 75 = -n, 2*n + 384 = 5*f. Calculate the highest common factor of f and 195.
39
Let n = 49 + -81. Let s = -7 - n. Suppose -2*r - 3*r = s, 5*c - r = 355. Calculate the highest common divisor of 14 and c.
14
Suppose 2*o + 2*o - 5*s = 40, 2*o + s - 34 = 0. Let x = 481 - 451. What is the greatest common divisor of o and x?
15
Let b = 26 + 6. Let s(v) = -2*v + 17. Let h be s(-12). Suppose 0*w + 5*r = -2*w + 1, -4*w + 3*r = -h. Calculate the greatest common divisor of b and w.
8
Suppose 47 = 3*r - 160. Calculate the highest common divisor of 23 and r.
23
Suppose 0 = -3*z + 11*z - 112. Suppose -126 = -3*g - 0*g. Calculate the greatest common factor of z and g.
14
Let h(l) = 2*l**2 + l + 22. Let k be h(6). What is the greatest common factor of 75 and k?
25
Let k be 70/9 - (-4)/18. Let u(q) = -q**3 - 2*q**2 + 3*q + 3. Let d be u(-3). Let c be 2*d/((-6)/(-20)). What is the greatest common divisor of c and k?
4
Let x(p) = -p**3 + 6*p**2 + 8*p - 2. Let i be x(7). Suppose 2*l = l + 25. Calculate the greatest common factor of l and i.
5
Suppose -7*y + 15*y - 192 = 0. Calculate the greatest common factor of 12 and y.
12
Let g = -7 + 8. Calculate the greatest common factor of g and 1.
1
Suppose 2*b + b + 162 = 0. Let d be (b/8)/(-3)*40. Let r = -6 - -16. What is the highest common divisor of r and d?
10
Let z = 221 + 103. What is the greatest common divisor of z and 36?
36
Let r(a) = -2*a - 6. Suppose 4*j + 5*u - 12 = -47, -5*j - 37 = 4*u. Let m be r(j). What is the highest common factor of m and 20?
4
Let m be -1*((-54)/(-3))/(-2). Calculate the greatest common factor of 99 and m.
9
Let c(k) = -8*k + 2. Let n be c(-2). Suppose -t - 2*i - 2 = -5*t, -i = -3*t + 3. What is the greatest common divisor of n and t?
2
Suppose -5*u = 2*o - 910, -o - 189 = -u - 0*o. Calculate the greatest common divisor of u and 23.
23
Let s = -43 - -3. Let u be (s/(-32))/(2/8). Calculate the greatest common factor of 40 and u.
5
Let c = 8 - 6. Suppose -c*r = -2*t + 10, -4*r - 5 = t - 20. Calculate the highest common factor of 77 and t.
7
Suppose -4*f - 4*w = f - 68, f - 5*w - 2 = 0. Let v be 2/(-15) - (-32)/15. Let t be 96/(-20)*(-35)/v. Calculate the highest common factor of t and f.
12
Let g(d) = -2*d + 12. Let u be g(4). What is the highest common divisor of u and 6?
2
Suppose -5*p - 4*v = 5 + 35, -24 = 3*p + 4*v. Suppose 0 = 4*a - a - 12. Let z be (6/p)/((-1)/a). Calculate the greatest common factor of z and 33.
3
Let h be -2*(3 + -2) + 4. Suppose 0 = 7*j - h*j - 95. Suppose j - 7 = 2*q. Calculate the greatest common divisor of q and 6.
6
Suppose 0 = -2*s + 119 - 9. Calculate the greatest common divisor of 22 and s.
11
Let l = -7 - -9. Suppose l*w + 3*w = 55. What is the highest common factor of 121 and w?
11
Suppose s = -11*s + 552. What i